*f**3/3 + 2*f**2 - 260. Suppose -5*m + 21 + 14 = 0. Suppose 5*b - 13 = m. Give z(b).
0
Let q(n) = -9*n - n**2 - 7*n**2 + 61*n**3 - 11 - 60*n**3 + 1 - 2*n**2. Give q(11).
12
Let g(q) = -q**3 + 11*q**2 - 8*q - 6. Let j be g(10). Let c(o) = -o**3 + 12*o**2 + 26*o + 31. Determine c(j).
3
Let j(k) = 8*k - 26 + 42 - 6 + 6*k**2 - k**3. Let a be -15*(-6 + 3)/3. Suppose a = -v + 22. Determine j(v).
17
Let a(c) be the second derivative of c**5/20 + 5*c**4/12 - 5*c**3/6 + c**2/2 - 101*c. Let j be a(-6). Let m(p) = p**3 + 5*p**2 + p + 7. Give m(j).
2
Let c(n) = -4*n - 3*n**2 - n**2 + 3*n**3 - 4*n**3 - 3. Suppose 66 + 87 = -38*k - 13*k. Determine c(k).
0
Let n = 54 + -62. Let u be 2/(-8) + (-138)/(-8). Let w(j) = j + 15. Let l(a) = -3*a - 44. Let o(f) = u*w(f) + 6*l(f). What is o(n)?
-1
Let u be (15/(-5) - -78)*1. Suppose 69*o + 48 = u*o. Let i(w) = -w**3 + 8*w**2 - w + 9. Determine i(o).
1
Let m(w) = -2*w**2 - 2*w - 1. Let b = 435 - 437. Let l(q) = 2*q**2 - 5*q + 2. Let z(p) = b*m(p) - l(p). Give z(-5).
5
Let g = 742 - 813. Let l = 67 + g. Let j(c) be the first derivative of c**4/4 + c**3 + c**2/2 - 2*c - 2. Give j(l).
-22
Let p(h) = -h - 2. Let d be p(-11). Let o(s) = d - s + 3 - 1. Let q = -1337 + 1343. Determine o(q).
5
Let q(t) = -2*t**2 - 7*t - 16. Suppose 3*l + 11 = r, -3*r - 43*l + 42*l - 27 = 0. What is q(r)?
-65
Suppose -75 - 17 = 12*j + 16. Let m(t) = t**2 + 9*t + 19. Give m(j).
19
Let p(v) be the first derivative of v**3/3 - v**2/2 + 138*v - 3579. Calculate p(0).
138
Let z(b) = 252*b + 245*b + 252*b + 241*b - 15 - 992*b. Determine z(4).
-23
Let h(j) = -19*j + 21. Let m be ((-16)/24)/((35/(-6))/7 + 1). Give h(m).
97
Let o be ((-16)/(-6))/((5334/252)/(-127)). Let b(j) = j**2 + 21*j + 107. Give b(o).
27
Suppose -140 = 495*l - 509*l. Let p(v) = v**3 - 9*v**2 - 9*v - 7. Give p(l).
3
Let l(s) = 2*s**2 + 2*s - 1. Suppose 166 = -u - 2*q, 28*q + 4 = 32*q. Let n be (u/63)/((-4)/(-6)). Calculate l(n).
23
Let s(y) = -2*y - 48. Let m(a) = -6*a - 193. Let i(w) = 2*m(w) - 9*s(w). Determine i(-8).
-2
Suppose 0 = -6*n + 10*n - 2*c - 10, -n + 2*c = 5. Let o(f) be the first derivative of -14 - 1/2*f**2 - f. What is o(n)?
-6
Suppose -97 = 8*h - 65. Let o(b) = -5*b**2 - 8*b + 3. Let w(v) = -14*v**2 - 24*v + 9. Let l(g) = h*w(g) + 11*o(g). Give l(-8).
-3
Let o(s) = -8 + 31*s + 10 - 17*s - 47 - 13*s. Calculate o(13).
-32
Let s = 42 + -42. Let n(z) be the third derivative of 1/4*z**4 + s + 1/3*z**3 + 0*z - 30*z**2 + 1/60*z**5. Give n(-4).
-6
Let k(a) = -10*a**2 - a - 6. Let g(r) be the second derivative of 11*r**4/12 + r**3/6 + 5*r**2/2 + 61*r. Let u(j) = 7*g(j) + 6*k(j). Give u(1).
17
Let r(c) = -c**2 - 27*c + 96. Let y be ((-160)/96)/(3 - 212/72). Give r(y).
6
Let w be (-6)/(-3) - (-23 + 372). Let i = 353 + w. Let x(j) = -4*j + 23. Give x(i).
-1
Let m(p) = -p**2 + 4*p - 15. Let r(t) = -2*t**2 + t - 5. Let z(y) = -m(y) + r(y). Let c(w) = 11 - 6*w**2 + 5*w - 6 - 3*w - w**3. Let a be c(-6). Give z(a).
-18
Suppose -q = 6*j - j - 14, -4*q = j - 18. Let o(i) = -i. Let v(x) = -6*x + 8. Suppose 3*r = -6, -5*t - 49 + 16 = 4*r. Let b(f) = t*o(f) + v(f). Determine b(q).
4
Let c = 623 + -623. Let p(k) = 2*k**3 - 2*k**2 - 5*k + 14. Let q(v) = -3*v**3 + 3*v**2 + 8*v - 28. Let l(i) = 5*p(i) + 3*q(i). Calculate l(c).
-14
Let t(u) = 3*u**3 + u**2 + u + 1. Let h be ((-30)/(-18))/((3/9)/1). Let d(w) = -w. Let z be d(-10). Suppose -z*a - 15 = h*a. What is t(a)?
-2
Let k(c) = -c**3 + 8*c**2 - 19. Let n = 1699 + -1691. Calculate k(n).
-19
Suppose 2*x - 3*g + 9 = x, -4*x = 2*g - 6. Suppose x = 2*y + 17 - 29. Suppose m + 7 - y = 0. Let l(d) = -11*d**3 + 2*d**2 + d. Determine l(m).
12
Let i(y) = y**3 + 11*y**2 - y - 2. Let z = -520 + 558. Suppose -2*w + 4*m - 30 = -0*m, 4*w + 3*m + z = 0. Give i(w).
9
Let r(c) = -10*c**2 + 25*c - 15. Let o(g) = 7*g**2 - 17*g + 10. Let z(q) = -7*o(q) - 5*r(q). Let d = 0 - -3. Give z(d).
-4
Let t(a) = -a**3 + 5*a**2 + a. Let u(y) = 13 - 5*y + 64*y**2 - 65*y**2 - 4*y. Let w be u(-10). Suppose -13 = -2*x - w*o - 2*o, -4*o + 24 = 5*x. What is t(x)?
20
Let w(v) = -3*v**2 - v - 4. Suppose 0 = 4*n - 1847 + 295. Let f = 385 - n. Calculate w(f).
-28
Let p(z) be the first derivative of 3*z**2/2 - z + 26. Let l be (288/27)/((-2)/(-3)). Let i = l + -19. Determine p(i).
-10
Suppose 3*o - 17*o = 28. Let d(a) = 18*a + 38. Let h be d(o). Let g(z) = 3*z**3 - 2*z**2 + 1. What is g(h)?
17
Let y be (-11)/(-9) - (-8)/(-36). Let g(v) = -v**3 + v**2 - 4*v + 19. Let k be g(0). Let l(j) = 36*j**2 - 11*j**2 - k*j**2 - 14*j**2. Give l(y).
-8
Let r(l) = 16 - 4*l - 14 - 367*l**2 - 370*l**2 - 2*l - l**3 + 729*l**2. Give r(-7).
-5
Let c(a) be the third derivative of a**6/120 + a**5/12 + a**4/4 + 2*a**3/3 + a**2. Let o(n) = -n**2 + 74*n + 563. Let v be o(81). Give c(v).
-4
Let s(m) be the second derivative of -11*m**5/10 - m**3/6 - m**2/2 + 49*m. Let h(j) = 2*j**3 + 35*j**2 + 20*j + 50. Let o be h(-17). Determine s(o).
22
Suppose t - 103 = -3*k, -19*t = k - 23*t - 30. Let i(b) = 21*b + 6*b + 7*b**2 + 3 + b**3 - k*b. Let p(v) = 5*v + 2. Let m be p(-2). Give i(m).
-5
Let f(v) = -v**2 - 8*v - 7. Let h(m) = 58*m**2 + 17 - 52*m**2 - 5 - 6*m + m**3. Let j be h(-7). Suppose -3*t = -7*t - j*z - 53, 22 = -t - 3*z. Give f(t).
0
Let t be 6/(-10)*(-7 + -18). Suppose 22*m + 49 = t*m. Let h(w) = -7*w**2 + 2 + 10*w**2 - 3 - 4*w**2 - 8*w. Give h(m).
6
Let p be (-14)/14 + (5 - 2). Suppose 0 = 2*f - 3*k - 5, 0*k - 34 = -4*f - p*k. Let v(q) = -q - 6. Calculate v(f).
-13
Let d(x) be the third derivative of x**6/120 - x**5/30 + 5*x**4/8 + 17*x**3/6 - 235*x**2 - 2*x - 3. Calculate d(-1).
-1
Let h(m) = -m**3 - 13*m**2 - 7. Let x(n) = 486*n - 4. Let p be x(1). Let s = p - 495. Calculate h(s).
-7
Let l(y) = 77*y + 1693. Let v be l(-22). Let g(c) = 91*c + 4. Calculate g(v).
-87
Suppose 10*m = -m + 121. Let s(f) = -26*f + m*f + 8*f**2 - 8 + 22*f + f**3. Calculate s(-7).
-8
Let p(f) = 16 + 18 - 43 + 11*f + 16. Let r(h) = 19*h + 15. Let c(u) = -7*p(u) + 4*r(u). What is c(6)?
5
Let v(o) = -24*o - o**2 - 17*o - 27*o - 2 + 76*o. Let w be (2/(-3))/((-4)/6). Let n = w + 7. Calculate v(n).
-2
Suppose 11*s = -6*s + 1037. Suppose -k = 54 - s. Suppose 2*p + k = -3*t - 0, -21 = 4*t + 5*p. Let f(v) = -14*v + 1. Give f(t).
-13
Let u(c) = -c**3 + 9*c**2 + 12*c - 16. Let s be u(10). Let r(l) = 2*l**2 - l**2 + 247*l - 252*l. What is r(s)?
-4
Let s = -16924 - -16928. Let y(t) = -34*t**2 + 135*t + 4. Determine y(s).
0
Let a(t) = -188*t**2 + 119 - 187*t**2 - 26*t - 181*t**2 + 557*t**2. Calculate a(20).
-1
Let y(m) = -3*m**3 - 19*m**2 + 26*m - 5. Let s(n) = 16*n**3 + 97*n**2 - 143*n + 25. Let o(q) = -2*s(q) - 11*y(q). What is o(0)?
5
Suppose 12*n - 16*n = 28, -35 = 3*m + 2*n. Let o be 19/7 - 4/(-14). Let a(j) = o*j + 2*j - 4 - 4*j + 9. Calculate a(m).
-2
Let c = -239534 - -239538. Let n(x) be the third derivative of x**5/60 + x**4/6 - x**3/6 - 2*x**2. Give n(c).
31
Let z = -8 + 3. Let s be (-2)/z + 36/10. Let v(q) = q**3 + q**2 - q - 1. Let g(w) = -5*w**3 + 4*w - 1. Let a(d) = g(d) + 4*v(d). Calculate a(s).
-5
Let w be 8/(-10)*(186/12 - (9 + -1)). Let o(v) = -v**3 - 8*v**2 - 15*v - 16. Calculate o(w).
2
Let y(k) = -7*k + 14. Let f(o) = -2*o + 4. Let b(m) = -3*m**2 + 4*m - 7. Let v be b(3). Let z(c) = v*f(c) + 6*y(c). Determine z(-5).
-14
Suppose 0 = -2*x - 2*v - 14, -22*v = -20*v - 4. Let g(y) = -y**2 - 10*y - 22. Determine g(x).
-13
Let u(o) = -8*o**2 + 2*o - 1. Let h(p) = 0*p**3 - 24*p**2 - 23 - 19 - p**3 - 64*p + 22. Let k be h(-21). Give u(k).
-7
Let h(j) = -5*j**3 + 8*j**2 - 3*j - 4. Suppose -11*p - 123 = -24. Let g(f) = f**3 - 2*f**2 + f + 1. Let u(l) = p*g(l) - 2*h(l). Give u(-3).
-1
Suppose 2 = 3*n - 7*n - 5*y, -4*n + 16 = -4*y. Let k(m) = 2*m**n - 15*m**2 - 8*m + 8*m**2 + 4*m**2 - 4. What is k(-6)?
8
Let t(u) be the first derivative of u**4/2 + 4*u**3/3 + u**2/2 - 2*u + 2. Suppose -15*i + 39 = 384. Let b be (5/2 - 2)*(-27 - i). Determine t(b).
-4
Suppose 0 = -6*g - 477 + 117. Let n be (-5)/g + 23/12. Let r(k) = -k**3 + k + 2. What is r(n)?
-4
Let q(k) = -21*k**2 + 60*k - 68. Let s(n) = -15*n**2 + 43*n - 48. Let c(z) = 12*q(z) - 17*s(z). Determine c(4).
4
Let k = 7276 + -7269. Let v(p) = 4*p**3 - 4*p**2 - 1. Let l(t) = -7*t**3 + 9*t**2 + 2. Let z(d) = -3*l(d) - 5*v(d). Give z(k).
-1
Let a(u) = u**3 - 6*u**2 + 5*u. Let z = 1